1?
133
What is the greatest common factor of 1521 and 273?
39
What is the greatest common factor of 11075 and 25?
25
Calculate the greatest common factor of 132 and 44.
44
What is the greatest common divisor of 350 and 200?
50
Calculate the highest common factor of 5819 and 22.
11
Calculate the greatest common factor of 18896 and 16.
16
Calculate the highest common divisor of 41 and 55760.
41
What is the highest common divisor of 1190 and 665?
35
What is the greatest common factor of 81 and 4077?
27
Calculate the highest common divisor of 2944 and 23.
23
Calculate the greatest common factor of 705 and 1363.
47
Calculate the highest common factor of 620 and 28.
4
What is the greatest common divisor of 60 and 9504?
12
Calculate the greatest common divisor of 13812 and 12.
12
Calculate the greatest common factor of 454 and 6.
2
What is the highest common factor of 28408 and 67?
67
Calculate the highest common divisor of 64 and 4.
4
What is the highest common factor of 160 and 260?
20
What is the greatest common divisor of 16 and 44?
4
What is the highest common factor of 304 and 80?
16
What is the highest common factor of 965 and 5404?
193
Calculate the greatest common divisor of 341 and 44.
11
What is the greatest common divisor of 144 and 228?
12
What is the highest common divisor of 1679 and 23?
23
Calculate the highest common divisor of 72 and 11304.
72
What is the highest common factor of 6 and 16890?
6
Calculate the greatest common factor of 209 and 646.
19
Calculate the highest common factor of 294 and 210.
42
Calculate the greatest common divisor of 380 and 50.
10
Calculate the greatest common factor of 32877 and 117.
117
What is the highest common factor of 1215 and 585?
45
Calculate the highest common factor of 4 and 54.
2
Calculate the greatest common divisor of 3 and 6339.
3
Calculate the greatest common factor of 996 and 12.
12
What is the greatest common divisor of 3597 and 33?
33
What is the greatest common divisor of 1248 and 112?
16
Calculate the greatest common divisor of 336 and 1218.
42
What is the greatest common divisor of 949 and 146?
73
What is the highest common divisor of 435 and 1044?
87
What is the highest common factor of 1150 and 50?
50
What is the greatest common divisor of 944 and 59?
59
What is the greatest common divisor of 40 and 8?
8
Calculate the greatest common divisor of 44 and 506.
22
Calculate the greatest common factor of 136 and 17.
17
What is the greatest common factor of 5173 and 7?
7
What is the highest common divisor of 9 and 1899?
9
What is the greatest common divisor of 30 and 7815?
15
What is the greatest common factor of 544 and 85?
17
Calculate the highest common factor of 21 and 147.
21
Calculate the greatest common divisor of 27 and 243.
27
What is the greatest common divisor of 66 and 12?
6
What is the highest common divisor of 9270 and 360?
90
Calculate the highest common factor of 66 and 176.
22
Calculate the greatest common factor of 2940 and 10.
10
What is the greatest common divisor of 588 and 21?
21
What is the greatest common divisor of 77688 and 117?
117
What is the greatest common factor of 128 and 4544?
64
What is the highest common divisor of 21257 and 58?
29
Calculate the highest common factor of 310 and 1457.
31
What is the greatest common factor of 99 and 1056?
33
What is the greatest common divisor of 3 and 367?
1
Calculate the highest common factor of 136 and 28.
4
Calculate the greatest common divisor of 220 and 8195.
55
Calculate the greatest common factor of 34 and 5746.
34
What is the greatest common factor of 34 and 30498?
34
Calculate the greatest common factor of 72 and 2952.
72
What is the greatest common divisor of 86 and 1634?
86
What is the highest common divisor of 35 and 2785?
5
What is the greatest common factor of 532 and 152?
76
What is the highest common divisor of 371 and 106?
53
What is the highest common divisor of 40 and 110?
10
What is the highest common divisor of 20 and 160?
20
Calculate the greatest common divisor of 2277 and 414.
207
What is the greatest common divisor of 121 and 44?
11
What is the highest common factor of 527 and 51?
17
What is the highest common divisor of 28531 and 277?
277
What is the highest common factor of 21 and 42?
21
What is the greatest common factor of 21680 and 20?
20
Calculate the greatest common factor of 315 and 135.
45
What is the greatest common factor of 66 and 12?
6
Calculate the highest common factor of 117 and 432.
9
Calculate the highest common factor of 399 and 16131.
57
Calculate the highest common factor of 11700 and 13.
13
What is the highest common divisor of 1040 and 80?
80
What is the highest common divisor of 132 and 10593?
33
Calculate the greatest common factor of 51 and 2975.
17
What is the highest common factor of 136 and 104?
8
Calculate the greatest common divisor of 114 and 380.
38
Calculate the highest common factor of 50 and 225.
25
Calculate the highest common factor of 288 and 160.
32
Calculate the greatest common factor of 217 and 7.
7
What is the greatest common divisor of 89 and 59897?
89
Calculate the greatest common divisor of 41 and 2009.
41
What is the highest common factor of 46 and 11247?
23
What is the greatest common divisor of 36 and 1212?
12
Calculate the highest common factor of 181 and 1.
1
What is the greatest common divisor of 1113 and 21?
21
Calculate the greatest common factor of 60 and 210.
30
What is the greatest common factor of 60 and 380?
20
What is the greatest common divisor of 635 and 6477?
127
Calculate the highest common factor of 2451 and 129.
129
What is the highest common divisor of 7075 and 50?
25
Calculate the highest common divisor of 16 and 4.
4
What is the greatest common factor of 65 and 26?
13
Calculate the highest common divisor of 3625 and 116.
29
Calculate the greatest common factor of 77 and 198.
11
Calculate the greatest common divisor of 20 and 1260.
20
What is the highest common divisor of 3816 and 3?
3
What is the greatest common factor of 1058 and 46?
46
Calculate the highest common factor of 104 and 1208.
8
What is the highest common divisor of 4 and 196?
4
Calculate the highest common divisor of 198 and 54.
18
Calculate the highest common factor of 1000 and 64.
8
What is the highest common factor of 180 and 396?
36
What is the greatest common divisor of 261 and 464?
29
Calculate the greatest common divisor of 954 and 36.
18
Calculate the greatest common factor of 300 and 96.
12
What is the highest common divisor of 38 and 102?
2
Calculate the greatest common divisor of 396 and 72.
36
What is the greatest common divisor of 360 and 936?
72
What is the greatest common factor of 74 and 37740?
74
What is the greatest common factor of 1615 and 95?
95
What is the highest common divisor of 171 and 3249?
171
Calculate the greatest common divisor of 455 and 91.
91
Calculate the greatest common divisor of 980 and 28.
28
What is the highest common factor of 12 and 1398?
6
Calculate the highest common divisor of 10 and 6.
2
What is the greatest common factor of 57 and 39?
3
What is the greatest common factor of 770 and 42?
14
Calculate the greatest common factor of 890 and 10.
10
What is the greatest common factor of 124 and 124?
124
What is the greatest common divisor of 2266 and 22?
22
Calculate the highest common factor of 2722 and 2.
2
Calculate the greatest common divisor of 234 and 1092.
78
Calculate the greatest common divisor of 14 and 217.
7
What is the highest common divisor of 100 and 660?
20
What is the greatest common factor of 8444 and 16?
4
Calculate the greatest common factor of 36 and 36.
36
Calculate the greatest common factor of 319 and 493.
29
Calculate the greatest common divisor of 43 and 2881.
43
What is the highest common factor of 328 and 82?
82
Calculate the greatest common divisor of 742 and 14.
14
What is the greatest common divisor of 126 and 693?
63
What is the greatest common divisor of 928 and 64?
32
Calculate the highest common divisor of 15 and 5385.
15
What is the greatest common factor of 2704 and 24?
8
What is the highest common factor of 18288 and 4?
4
What is the greatest common factor of 48 and 84?
12
What is the highest common divisor of 80 and 1000?
40
Calculate the greatest common divisor of 507 and 7.
1
What 